 7*c - 14. Let w(x) = -3*f(x) + 2*u(x). List the prime factors of w(-8).
19
Suppose 29 - 80 = -3*m. Suppose -184 + 679 = -15*t. Let q = m - t. What are the prime factors of q?
2, 5
Suppose -s - 93 = 2*x - 5*x, 0 = 4*x - 3*s - 119. List the prime factors of x.
2
Let l = 1498 + -685. List the prime factors of l.
3, 271
Let h = 882 + -610. Suppose 3*b + 17 = h. List the prime factors of b.
5, 17
Let k = 375 + -124. Let g = k + -161. What are the prime factors of g?
2, 3, 5
Let o(k) = k**2 + 9*k - 6. Let r be o(-10). Suppose -r*p - 5 = 2*d - 145, -28 = -p + 3*d. What are the prime factors of p?
2, 17
Let g(t) = -t - 3. Let m be g(-15). Suppose -m*k = -8*k - 412. What are the prime factors of k?
103
Let z(g) = g**3 - 20*g**2 + 20*g - 28. Let m be z(19). Let y = 4 - m. List the prime factors of y.
13
Let c(t) = -4*t - 47. Let f be c(-24). Let i = f - 7. What are the prime factors of i?
2, 3, 7
Suppose 5*p - 2*x = 608, p + x - 50 = 66. What are the prime factors of p?
2, 3, 5
Suppose 3*q + 6483 = 3*m, 22*m + 2*q = 26*m - 8636. List the prime factors of m.
3, 719
Let p = -1487 - -2163. List the prime factors of p.
2, 13
List the prime factors of 31 - -8*(-4)/8.
3
Let t be 1/(-2 - 7/(-3)). Let q(a) = -3*a - t*a + 7 - 6*a - 13*a**2 + a**3. What are the prime factors of q(14)?
5, 7
Let f = -26 - -51. Let g = 10 - f. What are the prime factors of 70/4*(-12)/g?
2, 7
Let k be 87/(-2) - (-3)/(-6). Suppose 3*a - 275 = 14*a. Let u = a - k. List the prime factors of u.
19
Suppose -3*g - 98 = 2*g - 2*k, 0 = g + 4*k + 24. Let b(w) = -9*w - 4. What are the prime factors of b(g)?
2, 11
Suppose -f = -2 - 1. Let d(t) = 7*t - 4*t**2 - 2*t - t**f + t**2 - t**2 + 2. List the prime factors of d(-5).
2
Suppose -12*h - 1637 = -6173. Suppose -3*f = -h - 264. What are the prime factors of f?
2, 107
Let b(j) = -23*j - 4. Suppose 7 = -u + 3*t, -1 = -u + 4*t - 9. List the prime factors of b(u).
2, 11
Let p be 471/8 - 10/(-80). Suppose -3*u + 3*l = 9, 3*u - 8*l + 12 = -4*l. List the prime factors of (u + p - -3)/2.
31
Suppose 0 = -3*k + 3, -2*k + 18 = 2*j + 2*k. Let z = j + 40. What are the prime factors of z?
47
Let t = 7 - 13. Let z be 60/8*t/(-9). What are the prime factors of 3 - (1 - z)/4?
2
Let g(a) = -4*a - 11. Let y be g(-5). Suppose -10*m + 5 = -y*m. List the prime factors of m.
5
Suppose -3*p - 4 = -2*p - 4*c, -3*c = 4*p - 22. Let x(o) = -o**3 + 5*o**2 - 1. List the prime factors of x(p).
3, 5
Let z(r) = 73*r. Let u be z(-1). Suppose 3*m + 102 + 255 = 0. Let i = u - m. List the prime factors of i.
2, 23
Let c be 20/(-10)*((-7)/2)/1. Suppose 9*h - 226 = c*h. What are the prime factors of h?
113
Suppose -t - t + 19 = -j, -5*t = -4*j - 43. Let q(d) = d**2 - 10*d - 12. Let v be q(t). Let i(l) = -13*l + 2. List the prime factors of i(v).
3, 5
Let p = 5656 - 1162. List the prime factors of p.
2, 3, 7, 107
Let g(o) = -o**3 - 17*o**2 - 15*o + 12. Let b be g(-16). List the prime factors of ((-3 + 4)*b)/(2/(-4)).
2
Suppose 40*z = 13*z + 24894. What are the prime factors of z?
2, 461
Suppose -5*h = 10, 5*p + 5*h - 2901 = 8*h. Suppose 8*x - p = 165. What are the prime factors of x?
3, 31
Let q = -17 + 21. Suppose -q*l = u - 41, -2*u = 3*u - 5. Suppose 0 = 8*r - l*r + 50. List the prime factors of r.
5
Let u(l) = -l**3 - 5*l**2 - 3*l + 5. Let h be u(-3). Let y(s) = -3*s - 3. Let f be y(3). Let w = h - f. List the prime factors of w.
2
Suppose -17 = -l - 4*t - 7, -2*l + 20 = -2*t. Let o(r) = 31*r + r**3 - 13*r - 9*r**2 + 13 - 12*r - 16*r. List the prime factors of o(l).
13
Suppose 10*f = 447 - 97. Suppose 2*g + f = 3*g. List the prime factors of g.
5, 7
Let g(h) = -h**3 + 6*h**2 - 2*h + 4. Let v(s) = s - 8. Let f be v(5). Let p = f + 8. List the prime factors of g(p).
19
Suppose m = 374 + 431. List the prime factors of m.
5, 7, 23
Suppose 0 = -4*a - 400. Let o = a + 205. List the prime factors of o.
3, 5, 7
Let s = 20 + -12. Suppose -2*x + s = 2*x. Let a = x + 16. List the prime factors of a.
2, 3
Suppose 11*j = 9 + 35. Suppose -15 = 3*b, 4*b = -8*r + j*r + 1140. What are the prime factors of r?
2, 5, 29
Let t(v) = -v**2 - 17*v - 9. Let q be (-3)/(-6)*-22*18. Let w be ((-4)/(-6))/(12/q). What are the prime factors of t(w)?
3, 19
Suppose g - 3*g = 0. Suppose -7*l - l + 296 = g. What are the prime factors of l?
37
Let z be (-454)/(-30) - 28/210. Suppose 3*r = -3 - z. List the prime factors of (r/9)/(4/(-126)).
3, 7
Let b = 59 - 84. Let n = b - -47. List the prime factors of n.
2, 11
Let x(c) = 13*c - 20. Let q(n) = 3*n - 5. Let p(u) = -22*q(u) + 6*x(u). What are the prime factors of p(5)?
2, 5
What are the prime factors of (-11)/((-22)/126) - 5?
2, 29
Let o(h) = -h**3 + 6*h**2 + 8*h - 3. Let w = 32 - 25. Let s be o(w). Suppose -5*p - 119 = -3*m + 21, -4*p - s = 0. What are the prime factors of m?
3, 5
Let b = 136 - -5. Suppose 0 = 4*c - 211 - b. Suppose 4*y - c = 20. List the prime factors of y.
3
Let t = 1029 + 353. What are the prime factors of t?
2, 691
Let r(d) be the third derivative of -d**4/4 - 8*d**3/3 - 24*d**2. List the prime factors of r(-13).
2, 31
Let w(i) = -16*i + 5. Suppose 4*c - o + 18 = -2, -3*o = -5*c - 25. List the prime factors of w(c).
5, 17
Suppose 4*o = -3*a - 212 + 2283, 2*a + 5*o = 1383. List the prime factors of a.
13, 53
Let b = -10346 + 14862. List the prime factors of b.
2, 1129
Suppose 2*w - 3*w + b = 113, 89 = -w - 5*b. Let s = 114 + w. What are the prime factors of s?
5
Let y = -352 + 1118. What are the prime factors of y?
2, 383
Suppose -422 = -4*w - 2*v, -2*w + 0*v + 236 = -4*v. List the prime factors of w.
2, 3
Let h = 8260 - 4297. List the prime factors of h.
3, 1321
Let v = 327 + 237. What are the prime factors of v?
2, 3, 47
Suppose -4*g = -3*t - 481, 132 + 213 = 3*g + 3*t. Let z = -65 + g. Let m = z + -14. List the prime factors of m.
3, 13
Let d(s) be the third derivative of 0*s + 1/30*s**5 - 1/24*s**4 + 2*s**3 + 0 + 4*s**2. List the prime factors of d(0).
2, 3
Let m(t) = 16*t**2 + 3*t + 5. Let b be m(5). Suppose -3*g = 5*q - b, 3*q + 2*g - 252 = -0*g. List the prime factors of q.
2, 3, 7
Let t(i) = -7*i - 17. Let z be t(0). Let h(b) = b**2 + 7*b - 34. What are the prime factors of h(z)?
2, 17
Let y(z) = 1 + z**2 - 2 + 10*z - 10 - 3. What are the prime factors of y(-13)?
5
Let v(m) be the first derivative of m**3 - m**2 + 3*m + 2. Let b be v(-3). Suppose 2*h - b = 4. What are the prime factors of h?
2, 5
Let c(g) = -2*g**2 + 5*g - 4. Let k be c(-6). Let i = -55 - k. What are the prime factors of i?
3, 17
Let s(f) = 3*f**3 - 15*f**2 - 52*f - 18. List the prime factors of s(11).
2, 397
Suppose -a = 7 + 18. Let x = 27 + a. Suppose 5*z + u - 201 = -x*u, u - 207 = -5*z. List the prime factors of z.
2, 3, 7
Let d(y) = -77*y + 9. Let j be d(-3). Suppose -n = -5*n + j. List the prime factors of n.
2, 3, 5
Let y(i) = i**3 + 4*i**2 + 5*i - 7. Let k be y(-6). Let h = 45 + k. List the prime factors of (-2)/(-6) - h/6.
11
Suppose -d + 867 = 3*o - 4*d, -d + 287 = o. Suppose -112 - o = -5*j. List the prime factors of j.
2, 5
Let o = 11 - -340. What are the prime factors of o?
3, 13
Let k be -2 + 4 + -4 - -17. Let a = 20 - k. Suppose 5*v - 35 = -a*o, o - v + 1 - 12 = 0. What are the prime factors of o?
3
Suppose 0 = 2*k - 2*q - 1070, -4 = -2*q - 10. List the prime factors of k.
2, 7, 19
Suppose 0 = 3*y - 4*l - 6097, -6*y + 10826 = 5*l - 1355. What are the prime factors of y?
3, 677
Let i = 149 - 118. Let l = 45 - i. What are the prime factors of l?
2, 7
Let f(z) = z**2 - z - 1. Let l(a) = a + 2. Let y be l(2). Suppose -3*j - 2*u + 34 = 2*j, 2*j - y*u = 4. What are the prime factors of f(j)?
29
Let q(j) = -j**3 - 41*j**2 - 42*j + 40. List the prime factors of q(-40).
2, 3, 5
Let p be 3/9 - 1084/3. Let y = -77 - p. What are the prime factors of y?
2, 71
Suppose 91*t - 2453 = 80*t. List the prime factors of t.
223
Let c = 5253 + -3669. List the prime factors of c.
2, 3, 11
Let q(l) = 2*l - 9. Suppose -o + 6*o = 40. Let z be q(o). List the prime factors of -3 + (3 - 3) + z.
2
Let p(i) = -2*i**2 + 10*i + 1. Let d be p(7). Let y = d + 29. Suppose 3*z - y = 2*z. List the prime factors of z.
2
Suppose 0 = -3*l - 6 - 3. Let f(z) = z**2 + 3*z - 1. Let v be f(l). List the prime factors of (v/3)/(1/(-42)).
2, 7
Let a = -8 + 3. Let r = 10 + a. Suppose h - 17 = r. What